-x**2 - 8*x + 7. What are the prime factors of w(i)?
7
Let f(s) = 3*s**2 + 34*s - 12. List the prime factors of f(-12).
2, 3
Suppose 5*o = 13 + 2. Suppose 2*p = 3*t - 7, -p + o*t - 5 = 3. Suppose 0 = n + z - 5, n = -2*n + 5*z - p. List the prime factors of n.
3
Suppose 2*g - 311 - 31 = 0. What are the prime factors of g?
3, 19
Let x = -11 - -29. List the prime factors of x.
2, 3
Suppose -5*k = -4*w - 20, -k + 3*k + 2*w = 8. Suppose -4*g = 3*h - 145, k*g + 79 - 20 = h. List the prime factors of h.
3, 17
Let b(p) = -p**2 + 3. Let x be b(4). Let n = -5 - x. What are the prime factors of n?
2
Let u(d) = 348*d**2 - 10*d - 9. List the prime factors of u(-1).
349
Let w(p) = -p - 19. Let c(j) = 2*j + 28. Let y(m) = -5*c(m) - 8*w(m). List the prime factors of y(0).
2, 3
Suppose j = 7 + 17. Let s be (0 + -6)*(-8)/j. Suppose -16 = -s*o - 0*o. List the prime factors of o.
2
Let f(k) = -2*k + 10 + 3*k - 2*k. Let j be f(5). Suppose 13 = 2*p - j*b - 4, 2*p - 2*b - 20 = 0. What are the prime factors of p?
11
Let g(y) = 34*y**2 - 5*y + 10. List the prime factors of g(3).
7, 43
Suppose 5*y + 18 = -j, 5*j - 16 = j + 2*y. What are the prime factors of j?
2
Suppose 15 = 7*z - 2*z. Suppose 5*g - k - 89 = 73, -z*k = 2*g - 75. What are the prime factors of g?
3, 11
Let o = 7 + -6. Let s = o - -8. List the prime factors of s.
3
Suppose -h - 81 = -4*y - 2*h, -99 = -5*y - 2*h. List the prime factors of y.
3, 7
Suppose 0 = -3*f - i + 5, 4 = -2*f - 0*f + 3*i. Let z = 3 - f. List the prime factors of z.
2
Let p(i) = -i**3 - 14*i**2 + 2*i + 16. Let x be p(-14). What are the prime factors of x/4 + 45 + 0?
2, 3, 7
What are the prime factors of (54/4)/((54/336)/3)?
2, 3, 7
Let b(m) = m**2 - 7*m - 3. Let v be b(8). Suppose -2*t + v = -15. What are the prime factors of t?
2, 5
Let x = 3 - 3. Suppose 3*w + o = -x*w + 189, 2*o + 63 = w. List the prime factors of 16/(-6)*w/(-28).
2, 3
Let f = 8 - 4. Let b be 2 + -34*(-2)/4. Suppose -f*j + 4 = 2*g - 0, 5*g = -j + b. List the prime factors of g.
2
Suppose -5*g - 13 + 3 = 0. What are the prime factors of g/(-10) - 1190/(-50)?
2, 3
Suppose -8*x + 52 = -6*x. Suppose 3*n - x = 13. List the prime factors of n.
13
Let i(l) = -l**3 - 11*l**2 - 13*l + 14. Let o be i(-10). Suppose 3*q + q = o. Let s = -5 + q. List the prime factors of s.
2, 3
Let l(d) be the second derivative of 2*d**3/3 + d**2/2 + 2*d. Let o be l(1). Suppose o*v = -20 + 70. What are the prime factors of v?
2, 5
Suppose 5*u = -5*r + 1494 - 434, -2*r - 2 = 0. What are the prime factors of u?
3, 71
Let y = -192 + 355. List the prime factors of y.
163
Let p(j) = j**2 + j + 34. Let o be p(0). Suppose 5*a - 5*y = 10, 4*a + 5 = -3*y + o. What are the prime factors of a?
5
Let u(l) = 2*l**2 + 2*l - 4. Let k(m) = 4*m**2 + 3*m - 9. Let b(g) = -4*k(g) + 9*u(g). What are the prime factors of b(-4)?
2
Suppose 2*q - 5*i - 9 = 0, 5*q = -2*i + 2 + 6. Suppose 3*k - 12 = 0, v - 22 + 8 = -q*k. Let b(x) = x**2 - 3*x + 5. What are the prime factors of b(v)?
23
Let f = 12 + -20. Let u = 2 - f. What are the prime factors of u?
2, 5
Let p = -1 - -4. Suppose -p*u = 13 - 52. What are the prime factors of u?
13
Suppose -24 = z - 4*z. Let w(c) = -c**3 + z*c + 9 - 3*c - 5. What are the prime factors of w(-3)?
2
Let t = -22 - -11. Let c = -38 - -53. Let d = c + t. List the prime factors of d.
2
Suppose 0 = -z + 55 - 8. What are the prime factors of z?
47
Let j(x) = -x**3 + 12*x**2 - 9*x - 15. Let m be j(11). Suppose 0 = -2*l - 7 - 1. Let i = m + l. List the prime factors of i.
3
Let n = -111 + 171. List the prime factors of n.
2, 3, 5
Suppose -3*k = 2*k - 135. Suppose -5*m = -4*m + k. List the prime factors of m/(-2) - (-2)/(-4).
13
Let k(n) be the first derivative of -n**4/4 - 4*n**3/3 - 3*n**2/2 + 1. Let t(f) = 2*f + 4. Let p be t(-4). List the prime factors of k(p).
2, 3
Suppose -2*d = -8 + 4. Suppose -d*p + 0*b + b + 2 = 0, -4*p - 4 = -4*b. What are the prime factors of p?
3
Let o(c) = 4*c + 8. Let b be o(-4). Let i(t) = -2*t + 9. List the prime factors of i(b).
5
Let k(a) = 6*a. Let l be k(-1). Let h = -2 - 2. What are the prime factors of 42/2*h/l?
2, 7
Suppose 1173 = 2*v + 5*i - 1420, 0 = 3*v + 3*i - 3912. What are the prime factors of v/44 - 1/(-4)?
2, 3, 5
Let u = 13 - -12. List the prime factors of u.
5
List the prime factors of 4/(-6)*-3*5.
2, 5
What are the prime factors of ((-6)/(-4))/((-1)/(-10))?
3, 5
Suppose -2*i - 3*r - 17 = -3*i, 0 = 4*r + 12. Suppose c = -2 + i. Let x = 11 - c. List the prime factors of x.
5
Let w = -3 + 5. Suppose 3*r + w*z - 17 = 0, -3*z + 18 = 3*r - 0. What are the prime factors of r?
5
Let h = 41 + 3. What are the prime factors of h?
2, 11
Let o be 1 + (1 - (-59 - 0)). Suppose -3*m - o - 20 = 0. List the prime factors of 2/(-3)*m/2.
3
Suppose -4*f + f + 105 = 0. List the prime factors of f.
5, 7
Let g = 51 - 11. List the prime factors of g.
2, 5
Let v(s) be the first derivative of 5*s**2 - s - 5. What are the prime factors of v(2)?
19
Let q(h) = 2*h - 2. Suppose 3*t + 6*w - w = 20, -3*w = t - 8. What are the prime factors of q(t)?
2
Let n(x) = -10*x - 1. Let j(o) = -11*o - 1. Let y(z) = -6*j(z) + 7*n(z). List the prime factors of y(-1).
3
Let z be 88/(-24) - (-4)/6. Let r(x) = -8*x. What are the prime factors of r(z)?
2, 3
Let b(j) = j**3 - j**2 + 4. Let x be b(0). Suppose 0 = x*i - i - 90. What are the prime factors of i?
2, 3, 5
Let z = 6 + 42. What are the prime factors of z?
2, 3
Let a(g) = 11*g**2 - 14*g. List the prime factors of a(4).
2, 3, 5
Let g = -6 + 8. Suppose m + 3*m - 23 = n, 2*n - 9 = -3*m. Suppose -3*w + m = -g*w. List the prime factors of w.
5
Suppose 24 - 2 = 2*b. Let g = 18 - b. List the prime factors of 84/18*18/g.
2, 3
Let k(n) = -n**3 + 17*n**2 - 8*n - 22. What are the prime factors of k(16)?
2, 53
Let s(r) = r**2 + 5*r + 3. Let u be s(-5). Suppose -u*n - 10 = 14. What are the prime factors of 4/n - (-38)/4?
3
Let m(n) = -n**2 + 9*n + 12. Let s be m(10). Suppose -4*y = -q - 12, -s*y + 2*q + 24 = -3*q. Let z = 1 + y. List the prime factors of z.
3
Let f = -465 - -858. What are the prime factors of f?
3, 131
Suppose -q - u - 5 = 3*u, -3*q + 17 = -4*u. Suppose -q*f = -23 + 5. Suppose -f = -2*o - 0*o. List the prime factors of o.
3
Let o = -36 + 17. Let w = o + 31. What are the prime factors of w?
2, 3
Suppose -4*v + 103 = -141. List the prime factors of v.
61
Let m(n) = 24*n**3 - 2*n**2 + n. Suppose 4*d - 9*d = -5. Let r be m(d). Suppose -i = -3*c - r, 0*i - 5*c = -i + 33. What are the prime factors of i?
2
Suppose a + 29 - 7 = -5*b, 5*a - 5 = -2*b. Suppose 0*l = -a*l + 129. Suppose 4*i - 38 = o + o, 3*o - l = -4*i. What are the prime factors of i?
2, 5
Let l = -5 + 7. Let n be 11 + -8 + 1*4. Suppose -l*t = -5*a + n, 3*a - 8*a + 61 = 4*t. List the prime factors of t.
3
Let f = 14 - 12. What are the prime factors of f/(6/(-9)) + 36?
3, 11
Let o = -324 - -603. What are the prime factors of o?
3, 31
Let i(t) = -t**3 - t**2 + t + 2. Let b be i(0). List the prime factors of (-2)/b + 2 - -17.
2, 3
Let t be 2/(-4)*0 - -49. Suppose 2*f + b = 3*b - 30, 0 = -3*f + 5*b - t. Let a = 22 + f. What are the prime factors of a?
3
Suppose -5*k = -3*l + 11 + 17, 0 = k + 5. Suppose -z - 7*b + 3*b - l = 0, z - 1 = -2*b. List the prime factors of z.
3
Let n(o) = -o**3 - o**2 + 4*o + 3. Let k be n(-2). Let l(p) = -5*p - 1. What are the prime factors of l(k)?
2
Let y = -109 - 26. What are the prime factors of y/(-7) - 4/14?
19
Let l(u) = -u**3 - 5*u**2 + 8*u - 2. List the prime factors of l(-7).
2, 5
Let x = -21 - -70. List the prime factors of x.
7
Let m be (-3 - -3)/((-1)/(-1)). Suppose -3*y + 33 - 9 = m. List the prime factors of y.
2
Let v(m) = -m**3 + 4*m**2 - m + 4. Let x = -7 + 11. Let u be v(x). Let l = u - -2. List the prime factors of l.
2
Let n(l) = l**2 + 6*l + 7. Let q be n(-5). Let o(d) = 4*d**2 - d - 1. List the prime factors of o(q).
13
Let c = 295 + -124. List the prime factors of c.
3, 19
Let u(i) = i - 1. Let k be u(1). Let j be 35*(-1 - (k - 2)). Let h = j + -23. What are the prime factors of h?
2, 3
Let i = -57 - -123. Suppose 5*y - 19 - i = 0. List the prime factors of y.
17
Let q(b) = 17 - 7 + 9 - 1 + b. Let f be -1 - ((-1)/1 + 10). What are the prime factors of q(f)?
2
Let b(q) = 57*q**2 - 3*q - 4. What are the prime factors of b(-1)?
2, 7
